der when w is divided by 18?
14
Let y(w) = w**2 + 7*w + 15. Let d be y(-4). Suppose 4*t + 668 = 5*q, d*t = -3*q + 6*t + 402. What is the remainder when 6556/q - (-1 + 5/3) is divided by 20?
9
Let o be 1 + 5/(-3) + (-276)/(-36). Suppose o*f + 12 = 8*f. Calculate the remainder when (2 - 10/4)*-92 is divided by f.
10
Let t(m) = -5*m - 2*m - 5*m + 2*m + 1. Let v be t(-1). Suppose -v*o + 0*o + 385 = 0. What is the remainder when o is divided by 9?
8
Let o(r) = -41*r - 34*r + 27 + 73*r. Let h be o(-25). Suppose h = 3*x - 11*w + 10*w, -3*x - 2*w = -80. Calculate the remainder when x is divided by 15.
11
Suppose -4*c - 4 = 3*m - 4*m, 0 = -m - 4*c - 4. Suppose m = -3*s - 15 + 6. What is the remainder when s/(-2)*152/6 is divided by 8?
6
Suppose 0 = -3*k + 119 + 22. Suppose 0 = 35*s - 199874 + 193784. Calculate the remainder when s is divided by k.
33
Suppose 0 = 8*p - 5*p - 21. Calculate the remainder when ((-248)/(-32) + p)/(1/4) is divided by 10.
9
Suppose 1 = -4*f - 25 - 14, -4*c + 5*f = -606. What is the remainder when c is divided by -1 - (-78)/(4/2)?
25
Let g = 4422 - 4340. Suppose -63 = -4*m + 53. Calculate the remainder when g is divided by m.
24
Suppose 2*b + 20 = -3*b. Let q be (10/b)/((-9)/54). What is the remainder when 56 is divided by 19*-1*(-15)/q?
18
Let a = 161 + -147. Suppose -1 - 15 = 4*l, -3*j + 4*l = -31. Suppose -3*h + j*b = -259, -43 - 32 = -h - 4*b. Calculate the remainder when h is divided by a.
13
Let h = 41 - 17. Let c be ((-3)/9*(4 + -1))/(-1). Calculate the remainder when h is divided by ((-30)/(-5))/(c + (-1)/3).
6
Let x be 882/27 + (10/(-6) - -2). Let b = 87 - x. Let f = b + -43. What is the remainder when f is divided by 4?
3
Suppose -2*i - 5*t = -514, 4*i + 5*t = 94 + 954. What is the remainder when i is divided by 2?
1
Let x be (5 + 45)/(-5)*(-1)/2. Let s(c) = c**2 + 10*c + 1. Let g be s(-10). What is the remainder when g*47 - (3/1 - x) is divided by 17?
15
Suppose 9 + 79 = 22*t. Suppose 0 = 2*y + 2 - 4. Calculate the remainder when 21 is divided by (-8)/(y/((t - 7) + 2)).
5
Let w(m) = -2*m - 8. Let v be w(-7). Let b = v - -8. Suppose -392 = -b*j + 7*j. Calculate the remainder when j is divided by 29.
27
Let g = 10 + 4. Let k(b) = b**3 + 6*b**2 + 6*b + 8. Let v be k(-5). Suppose r - 24 = v*x + 9, 4*r = 4*x + 116. What is the remainder when r is divided by g?
13
Suppose 23*b + 7*b = 2490. Suppose 3*u - 20 = 2*u - o, 4*u = -5*o + b. What is the remainder when u is divided by 3?
2
Let r = -100 - -104. Let p(a) = -a + 12. What is the remainder when 498/r*36/54 is divided by p(-9)?
20
Let m be 0/2*(2 - 3). Suppose -d + m*d = -4. Let x = 228386 - 228369. What is the remainder when x is divided by d?
1
Suppose -5 = g - 35. Suppose 2*x - 30 = -3*r, -x = x - 2*r - g. Let n(k) = -3*k**3 - 2*k**2 + 6*k - 3. Calculate the remainder when n(-3) is divided by x.
12
Suppose o - 24*o + 7260 = 10*o. Calculate the remainder when 2201 is divided by o.
1
Suppose -9138*p = -9146*p + 912. Calculate the remainder when 319 is divided by p.
91
Let u = 212 - 218. Calculate the remainder when 162 is divided by -7*(-1 + 3 + u).
22
Let m = 17258 - 17167. Calculate the remainder when m is divided by (19*2)/(-4 + 6).
15
What is the remainder when 4 + -5 + (296 - -6) + 0 is divided by 100?
1
Suppose -c + 3 = -4*c. Let p = c - -7. Calculate the remainder when 27 + -1 + (-22 - -21) is divided by p.
1
Suppose 0 = -5*d + 3*o + 370, 3*o + 100 = -4*d + 369. Calculate the remainder when d is divided by 8.
7
Let u be -17 - (25/(-5) - -4). Calculate the remainder when 55 + 1 - (3 - 1) is divided by (-55)/(-4) + u/(-64).
12
Let b(m) = -3*m - 94. Let d be b(-32). Calculate the remainder when 284 is divided by d + ((-265)/(-5) - -2).
56
Suppose 4526 = 17*f - 982. Calculate the remainder when f is divided by 109.
106
Calculate the remainder when (-258)/15*20/(-8) + -2 is divided by 54/15*20/6.
5
Calculate the remainder when (653586/(-485))/(6/(-10)) is divided by 13.
10
Suppose -36 = -3*o - 3*p + 87, 4*o - 158 = -2*p. Let q be -3 + (-69)/21 + 2/7. Let n(x) = x**2 + 4*x - 2. What is the remainder when o is divided by n(q)?
8
Let c be (-3 + 0 + 3)/(-2). Suppose c = -2*f + 4*l + 44, -f + 26 = l + 13. Calculate the remainder when 126 is divided by f.
14
Let s be (-224)/(-128) + 1749/4. Let b = s - 430. Calculate the remainder when 84 is divided by b.
3
Suppose 2*m - 4*m = -c - 3, 0 = 2*m - 2. Let b be ((-9)/(-3) - c) + 0/1. Suppose b*y = -y + 30. What is the remainder when 75 is divided by y?
3
Suppose 92*q - 116*q + 4288 = -6464. Calculate the remainder when q is divided by 35.
28
Let b(g) = 45*g - 100. Let x be b(4). Let r = 78 + x. What is the remainder when r is divided by 23?
20
Let z(g) = 16*g. Suppose -6*b = -17*b + 517. What is the remainder when b is divided by z(1)?
15
Suppose 1423 = 11*p + 48. Suppose 5*n - p = -3*b - 2*b, n = 5*b + 37. Calculate the remainder when n is divided by 10.
7
Let z = 54 - 40. Suppose -19*v + 55 = -z*v. Calculate the remainder when v is divided by (-13)/(-2) + 2/4.
4
Suppose -w = 4, 8*b - 3*b - 201 = 4*w. Let a(v) = 5*v - 1. Let j be a(4). Let f = b - j. Calculate the remainder when f is divided by 5.
3
Suppose -27*c = -26*c - 1, -g - c = -420. Calculate the remainder when 2938 is divided by g.
5
Let c = -137 - -50. Let f = -30 - c. Suppose -3*l = 4*n - 117, -59 = -4*n - 4*l + f. Calculate the remainder when 89 is divided by n.
29
Let h = 1417 - 1363. What is the remainder when 356 is divided by h?
32
Let f = -255 + 312. Suppose -6*l + 447 = f. Calculate the remainder when 323 is divided by l.
63
Suppose -4*g = -15*g + 33. Let o be -3 - ((g - 25) + 4). Suppose -7*p + o*p - 112 = 0. Calculate the remainder when 26 is divided by p.
12
Let n(z) = -177*z + 2344. Calculate the remainder when n(10) is divided by 36.
34
Suppose 7*m = 6*m + k + 26, -5*k + 66 = 2*m. Suppose -m*p + 77 = -259. What is the remainder when p is divided by 3?
0
Suppose -5*z + 55 = 5*d, -2*z + 32 = 5*d - 20. Let y(p) = -3*p**2 - p + 24. Suppose 4*b = 2*b - 3*b. What is the remainder when y(b) is divided by d?
4
Let p(w) = 9*w - 19. Let y(b) = 2*b**3 + 94*b**2 - 98*b - 56. What is the remainder when y(-48) is divided by p(4)?
6
What is the remainder when 4268 is divided by 27 - -7*14/98?
12
Suppose z = 4*p + 292, 2*z = 5*p + 110 + 462. What is the remainder when (-1 - 12/8)/((-6)/z) is divided by 9?
7
Let u = 54 + -190. Let m = 201 + u. Suppose -2*p = -4*g - 26, 3*g - m = -2*p - 3*p. Calculate the remainder when 51 is divided by p.
12
Let i(g) = 2*g + 6. Let f be i(-1). Suppose a + f*a = -4*y + 847, -y = -2*a + 331. What is the remainder when a is divided by (6/7)/(4/14) - -31?
31
Let m = 10 + 5. Let n = m + 40. Calculate the remainder when n is divided by (2079/105 + -17)*5.
13
What is the remainder when (-1096)/(-14)*(-924)/(-24) is divided by 52?
50
Let v = 16607 + -16512. Calculate the remainder when 428 is divided by v.
48
Suppose 18*j + 58 = 17*j. Let x = j + 103. Let b(c) = 6*c + 5. What is the remainder when x is divided by b(3)?
22
Let y(n) = 3*n**2 + 8*n - 10. Let j(p) = -p**2 + p + 1. Let d(c) = 2*j(c) + y(c). Let h be d(-7). Let x = h + 43. What is the remainder when x is divided by 8?
6
Let b(z) = 49*z - 814. What is the remainder when 2308 is divided by b(18)?
64
Let j = -133 - -186. Suppose 33*u = 28*u - x + 69, 3*u = 7*x + 49. Calculate the remainder when j is divided by u.
11
Suppose 0 = 8*n + 1088 + 792. Let m = -222 - n. Let i(c) = -c**3 + 6*c**2 - 4*c + 3. Calculate the remainder when i(4) is divided by m.
6
Suppose 2*g = -2*t + 12, 5*t + 1437 = 3*g + 1435. Calculate the remainder when 681 is divided by g.
1
Suppose -j + 446 = 4*b, -3*j = -4*b + 340 - 1662. Let g = j + -372. Calculate the remainder when g is divided by 30.
10
Let l(v) = v**2 - 4*v - 11. Let z be l(7). Suppose 9 = -z*o + 149. Let u = 49 - o. Calculate the remainder when u is divided by 11.
2
Suppose 210 = 5*p + 5*d, -2*p - 9*d + 4*d + 72 = 0. Suppose -v - p = -4*n - 6*v, v = -4*n + 38. Calculate the remainder when 44 is divided by n.
8
Suppose 14*s = 12225 + 4799. Calculate the remainder when s is divided by 152.
0
Let f(b) = 4*b**2 + 58*b - 295. What is the remainder when 378 is divided by f(5)?
93
Suppose -272 = -124*b + 141*b. Suppose -3*v - 2*v - 5 = 0. Let k = v - b. C